32
Suppose 0 = -3*i - 2*p + 62, 8*i + 3*p = 7*i + 30. Suppose r - i - 12 = 0. Calculate the highest common divisor of 24 and r.
6
Let o(s) = 2*s - 21561*s**2 + 21582*s**2 - s + 3. Let t be o(3). Calculate the greatest common divisor of t and 45.
15
Let o = 16381 - 16075. What is the greatest common divisor of 204 and o?
102
Suppose 5*k + 9 = 4. Let z be -8*(2/(8 - 0) + k). Suppose -48 = -5*f - z*n + 2*n, 3*f - 2*n - 20 = 0. What is the highest common divisor of 56 and f?
8
Suppose -l = 7, 2*z - z - 91 = 2*l. What is the highest common factor of 91 and z?
7
Let v be 848 - (792/11)/9. What is the highest common divisor of 49 and v?
7
Suppose 12 = 5*f + 5*o - 13, 0 = 3*f + 2*o - 14. Suppose -787 + 704 - 1101 = -148*p. What is the greatest common divisor of f and p?
4
Let f be -6 + 8 + (-48)/(-8). Suppose 22 = f*o - 10. Let m = 13 - 1. What is the highest common divisor of o and m?
4
Suppose -s + 5*d + 5994 = 0, -3*s = 11*s + 2*d - 83844. What is the greatest common divisor of s and 226?
113
Let w(v) = 3*v**2 + 33*v - 114. Let z be w(-35). Calculate the greatest common divisor of 6 and z.
6
Suppose 31 = -5*y + 1131. Let x be ((-18)/(-10))/1*15. Let h = -7 + x. What is the highest common divisor of y and h?
20
Let d = -10737 - -10912. Calculate the greatest common factor of d and 1120.
35
Let m be 2 + ((-5)/((-20)/(-16)) - -6). Suppose m*v = 12*v - 288. Suppose 5*h - 148 + 920 = 2*x, h - 400 = -x. What is the highest common factor of x and v?
36
Suppose 0*r = -4*r + 32. Suppose -2*c + 56 = -u, 359*c = 356*c + 2*u + 84. What is the highest common factor of c and r?
4
Let t(i) = 5*i**2 - 15*i - 17. Let f be t(10). Let j = f - 327. Calculate the highest common factor of 21 and j.
3
Let c(n) = n**3 + 34*n**2 + n + 43. Let u be c(-34). Let v = 274 - 256. What is the greatest common divisor of u and v?
9
Suppose -24*n = -399 - 2769. Calculate the highest common factor of 68 and n.
4
Let v be 1*(-7)/(-2) + 9/(-18). Suppose v*i + 16 - 4 = 0. Let c be (-4 - -5)/(i/(-80)). Calculate the highest common divisor of 160 and c.
20
Let h(f) = -40*f**3 + 5*f - 4. Let q be h(-2). Calculate the highest common divisor of 2652 and q.
102
Let g = -634 - -641. Let n be (-36)/84 - (3 - 381/g). Calculate the greatest common factor of n and 1632.
51
Let s be 39/3*(-5)/(-5). Let j be ((-20)/(-2))/5*(258 + -1). Suppose 4*u = -3*y + j, u - 12*y + 11*y - 132 = 0. What is the highest common factor of u and s?
13
Let p = 163 - 151. Suppose 9*l + 3*o = 5*l + 204, -5*l + 4*o + 224 = 0. Calculate the greatest common factor of p and l.
12
Let o be (8 - 1)*((-16)/14)/(-4). Let f be 8/o*(-37 + 47). Calculate the greatest common factor of f and 280.
40
Let v be (8/10)/(9/(-45)). Let i be v - (-33 - (-1 - -2)). Let f(o) = 36*o**2 - 2*o + 2. Let n be f(-2). Calculate the greatest common divisor of i and n.
30
Suppose 27*y - 50 = 188 + 194. What is the highest common factor of 1448 and y?
8
Suppose p + 9 = 13. Suppose 5*d - 9*d - 307 = -5*f, -p*f + 4*d = -244. Suppose -52 = -2*b + 32. What is the highest common factor of b and f?
21
Let o(w) = -9*w**2 + 80*w + 16. Let n be o(9). Let m be -1 + 556 - (6 + -4). What is the greatest common factor of n and m?
7
Let x = -8242 - -8592. Calculate the highest common divisor of x and 3080.
70
Let m = 63 + -51. Let w(v) = -m*v + 0*v + 186 - 206. Let t be w(-5). What is the greatest common divisor of 10 and t?
10
Suppose 2*a - 782 = a. Let f be (-7 + -16)/((-2)/4*(-15)/(-30)). Calculate the highest common divisor of a and f.
46
Let i be -2*(0 - (-25)/(-2)). Let f be (6/27)/((-36)/(-81))*550. Calculate the greatest common factor of i and f.
25
Suppose h + 6210 = 116*h. Let n = -198 + 288. Suppose 5*x - n = -0*x. Calculate the greatest common divisor of x and h.
18
Let w be (-201*(-92)/36)/(39/9 + -4). Calculate the highest common factor of 69 and w.
23
Let k be -38*(6/7)/((-6)/(-42)). Let q = k + 267. Calculate the highest common factor of 702 and q.
39
Let n(r) = -r**3 - 5*r**2 - 6*r - 16. Let g be n(-8). Suppose 4*w - 9*w + 4*u = -288, 0 = 2*w + 4*u - 104. Calculate the greatest common divisor of w and g.
56
Let w(j) = -j**2 + 25*j + 27. Suppose 0 = 2*v - 6, 15*i = 20*i - 3*v - 96. Let x be w(i). Calculate the greatest common factor of 259 and x.
37
Suppose -62 + 267 = -4*w + 3*f, -3*w - 153 = -2*f. Let d = w + 76. Suppose -13*o + 7*o + 54 = 0. Calculate the greatest common factor of d and o.
9
Let x(p) = p**2 - 14*p - 6. Let h be x(10). Let u be (0 - h)/((-8)/(-4)). Let r = u + 2. Calculate the highest common factor of r and 5.
5
Suppose -25*a = -27*a - 550. Let n = a + 295. What is the greatest common divisor of 12 and n?
4
Suppose 66*b - 79587 - 17943 = 66744. What is the greatest common divisor of b and 2?
1
Suppose -269 = -5*a - 4*f, -37 = 50*a - 51*a - 5*f. Let p = 16 + 3. What is the highest common factor of p and a?
19
Let u(r) = r**3 + 10*r**2 + 7*r - 3. Let p be (-54)/14 + (-1)/7. Let a be (-4)/(16/20) + p. Let b be u(a). Calculate the greatest common divisor of 165 and b.
15
Let u be 3/((-2)/(4 + 1 - -1)). Let g be (-12)/9*u/3. Suppose -g*o + 3*o = -35. Calculate the highest common divisor of 7 and o.
7
Suppose -30 = -2*u - u. Suppose 450 - 2610 = -24*n. What is the greatest common factor of n and u?
10
Let m(v) = -2*v + 30. Let f = -41 + 48. Let l be m(f). Let u = -10 + l. Calculate the highest common divisor of 6 and u.
6
Let a be (-736)/(-72) - 10 - (-1496588)/18. What is the greatest common factor of 76 and a?
76
Suppose 5*k = -2*n + 62 + 13, 3*n = k - 15. Suppose -20 = -5*l, 9*l - 6*l + 36 = 2*c. What is the greatest common factor of c and k?
3
Suppose 16*g = 44*g - 21672. What is the greatest common factor of 90 and g?
18
Let d be -3 + (-39)/(-15) + (-72)/(-5). Let f = 3 + d. Calculate the greatest common divisor of f and 1.
1
Suppose 14 = -5*a - 1. Let z be 6/(-4) + a/(-6). Let n(w) = -250*w**3 + w**2 + 3*w + 2. Let h be n(z). What is the highest common factor of h and 25?
25
Suppose -d - 37*w + 26 = -33*w, 0 = 3*d + 5*w - 64. What is the highest common factor of d and 7362?
18
Let t = -4 - -9. Suppose t*f - 70 + 0 = 0. Suppose -12 = 26*z - 20*z, -2*w - 3*z + 134 = 0. Calculate the greatest common divisor of w and f.
14
Suppose 1360 = 5*x + 4*b, -237 = -2*x - 4*b + 307. What is the highest common factor of x and 80?
16
Suppose 5*k = -5*n + 15, 0 = -18*k + 19*k + 7. What is the highest common factor of 3205 and n?
5
Let r be ((-16)/6)/((-2)/165). Let d(l) = -4*l**3 + l**2 + 18*l + 75. Let o be d(-4). Calculate the highest common factor of r and o.
55
Let w = -148 + 703. What is the greatest common factor of 333 and w?
111
Let w = 4889 - 4888. Calculate the greatest common factor of 290 and w.
1
Suppose 2*j + k = 21, 2*j + j - 19 = k. Let c = 661 + -173. What is the highest common divisor of c and j?
8
Suppose -2*q = 5*r - 166, 4*q - 176 = -3*r + 142. Calculate the greatest common factor of q and 559.
13
Suppose 3*w = z + 17, w + 7*z = 5*z - 6. Let s be (-7)/(-2)*36/(-2 + w). Calculate the greatest common divisor of s and 14.
7
Suppose -3*l = -149*d + 145*d - 177, -4*l + d = -223. What is the greatest common divisor of l and 1199?
11
Let q = 14183 + -12923. Calculate the greatest common factor of q and 30.
30
Let o(m) = -33*m + 46*m - 12 - 1. Let r be o(10). What is the greatest common factor of 78 and r?
39
Suppose 3*f = m + 1332, 29*m - 30*m = 3*f - 1332. What is the highest common factor of f and 1665?
111
Let f = -5156 + 7179. Calculate the greatest common divisor of 7 and f.
7
Suppose 0 = -21*m + 24*m - 2*g - 2256, -4*m - 3*g = -2991. What is the greatest common factor of m and 825?
75
Suppose 3*j + 4*f = 420, -420 = -3*j + 3*f + f. Let u = 371 + -376. Let k be (-174)/(-5) + 52/10 + u. What is the highest common factor of j and k?
35
Let u be (-12)/(-14)*((-592)/(-56) - (-2)/(-28)). Calculate the greatest common factor of 2097 and u.
9
Let s(k) = 6*k**3 + 57*k**2 + 27*k + 87. Let o be s(-7). What is the greatest common divisor of 4009 and o?
211
Let k = 230 - 70. Let n be (45/(-6))/((-16)/k). What is the greatest common divisor of 15 and n?
15
Let c be (82/20*-16 - 4)/(8/(-20)). What is the highest common factor of c and 7569?
87
Suppose 0 = 2*l - 3*q - 43, 0 = -l - 8*q + 9*q + 19. Calculate the greatest common divisor of l 